{"id":232,"date":"2025-05-29T20:53:58","date_gmt":"2025-05-29T18:53:58","guid":{"rendered":"https:\/\/thibault-ternon.com\/?page_id=232"},"modified":"2025-05-29T21:32:43","modified_gmt":"2025-05-29T19:32:43","slug":"quelques-articles-sur-mon-art","status":"publish","type":"page","link":"https:\/\/thibault-ternon.com\/index.php\/quelques-articles-sur-mon-art\/","title":{"rendered":"Quelques articles sur mon art"},"content":{"rendered":"\n<div id=\"news\" class=\"wp-block-group has-global-padding is-layout-constrained wp-block-group-is-layout-constrained\">\n<div class=\"wp-block-query is-layout-flow wp-block-query-is-layout-flow\"><ul class=\"columns-3 wp-block-post-template is-layout-grid wp-container-core-post-template-is-layout-6aac66c0 wp-block-post-template-is-layout-grid\"><li class=\"wp-block-post post-337 post type-post status-publish format-standard hentry category-non-classe\">\n\n\n<h3 style=\"margin-top:0;margin-bottom:var(--wp--preset--spacing--x-small);\" class=\"has-link-color wp-elements-2e75b4e4fab489cf445e03eda13279d1 wp-block-post-title\"><a href=\"https:\/\/thibault-ternon.com\/index.php\/2025\/06\/12\/les-podcasts-sur-la-magie\/\" target=\"_self\" >Les podcasts sur la magie<\/a><\/h3>\n\n<div class=\"has-link-color wp-elements-f722e413e120423284901a78866df987 wp-block-post-excerpt has-text-color has-tertiary-color\"><p class=\"wp-block-post-excerpt__excerpt\">Ma passion pour la magie m\u2019a amen\u00e9 \u00e0 cr\u00e9er ma propre soci\u00e9t\u00e9 : Le Cabinet d\u2019Illusions. Cette entreprise propose aux magiciens des livres sur le th\u00e8me de la magie, et publie \u00e9galement des tours de magie totalement nouveaux\u2026<\/p><p class=\"wp-block-post-excerpt__more-text\"><a class=\"wp-block-post-excerpt__more-link\" href=\"https:\/\/thibault-ternon.com\/index.php\/2025\/06\/12\/les-podcasts-sur-la-magie\/\">\u00ab\u00a0Lire la suite\u00a0\u00bb<\/a><\/p><\/div>\n<\/li><li class=\"wp-block-post post-331 post type-post status-publish format-standard hentry category-non-classe\">\n\n\n<h3 style=\"margin-top:0;margin-bottom:var(--wp--preset--spacing--x-small);\" class=\"has-link-color wp-elements-2e75b4e4fab489cf445e03eda13279d1 wp-block-post-title\"><a href=\"https:\/\/thibault-ternon.com\/index.php\/2025\/06\/12\/deambulation-dans-la-ville-de-rouen\/\" target=\"_self\" >D\u00e9ambulation dans la ville de Rouen<\/a><\/h3>\n\n<div class=\"has-link-color wp-elements-f722e413e120423284901a78866df987 wp-block-post-excerpt has-text-color has-tertiary-color\"><p class=\"wp-block-post-excerpt__excerpt\">Accompagn\u00e9 de l\u2019ami magicien Jeremy Marouani, nous avons tous les deux d\u00e9ambul\u00e9 dans la ville de Rouen pour proposer des exp\u00e9riences uniques \u00e0 nos spectateurs d\u2019un jour. Cette discipline, de faire de la magie dans la rue, s\u2019appelle\u2026<\/p><p class=\"wp-block-post-excerpt__more-text\"><a class=\"wp-block-post-excerpt__more-link\" href=\"https:\/\/thibault-ternon.com\/index.php\/2025\/06\/12\/deambulation-dans-la-ville-de-rouen\/\">\u00ab\u00a0Lire la suite\u00a0\u00bb<\/a><\/p><\/div>\n<\/li><li class=\"wp-block-post post-326 post type-post status-publish format-standard hentry category-non-classe\">\n\n\n<h3 style=\"margin-top:0;margin-bottom:var(--wp--preset--spacing--x-small);\" class=\"has-link-color wp-elements-2e75b4e4fab489cf445e03eda13279d1 wp-block-post-title\"><a href=\"https:\/\/thibault-ternon.com\/index.php\/2025\/06\/09\/pourquoi-engager-un-magicien-pour-un-anniversaire\/\" target=\"_self\" >Pourquoi engager un magicien pour un anniversaire ?<\/a><\/h3>\n\n<div class=\"has-link-color wp-elements-f722e413e120423284901a78866df987 wp-block-post-excerpt has-text-color has-tertiary-color\"><p class=\"wp-block-post-excerpt__excerpt\">Vous organisez votre anniversaire ou celui d\u2019un proche et ne savez pas comment animer la soir\u00e9e ? Vous souhaiteriez un compl\u00e9ment au DJ d\u00e9j\u00e0 choisi mais ne savez pas vraiment quoi faire ? Et si votre r\u00e9ponse se\u2026<\/p><p class=\"wp-block-post-excerpt__more-text\"><a class=\"wp-block-post-excerpt__more-link\" href=\"https:\/\/thibault-ternon.com\/index.php\/2025\/06\/09\/pourquoi-engager-un-magicien-pour-un-anniversaire\/\">\u00ab\u00a0Lire la suite\u00a0\u00bb<\/a><\/p><\/div>\n<\/li><\/ul>\n\n<\/div>\n<\/div>\n","protected":false},"excerpt":{"rendered":"","protected":false},"author":1,"featured_media":0,"parent":0,"menu_order":0,"comment_status":"closed","ping_status":"closed","template":"","meta":{"footnotes":""},"class_list":["post-232","page","type-page","status-publish","hentry"],"_links":{"self":[{"href":"https:\/\/thibault-ternon.com\/index.php\/wp-json\/wp\/v2\/pages\/232","targetHints":{"allow":["GET"]}}],"collection":[{"href":"https:\/\/thibault-ternon.com\/index.php\/wp-json\/wp\/v2\/pages"}],"about":[{"href":"https:\/\/thibault-ternon.com\/index.php\/wp-json\/wp\/v2\/types\/page"}],"author":[{"embeddable":true,"href":"https:\/\/thibault-ternon.com\/index.php\/wp-json\/wp\/v2\/users\/1"}],"replies":[{"embeddable":true,"href":"https:\/\/thibault-ternon.com\/index.php\/wp-json\/wp\/v2\/comments?post=232"}],"version-history":[{"count":4,"href":"https:\/\/thibault-ternon.com\/index.php\/wp-json\/wp\/v2\/pages\/232\/revisions"}],"predecessor-version":[{"id":249,"href":"https:\/\/thibault-ternon.com\/index.php\/wp-json\/wp\/v2\/pages\/232\/revisions\/249"}],"wp:attachment":[{"href":"https:\/\/thibault-ternon.com\/index.php\/wp-json\/wp\/v2\/media?parent=232"}],"curies":[{"name":"wp","href":"https:\/\/api.w.org\/{rel}","templated":true}]}}